ine h(17).
18
Let v(d) = -d**3 - 69*d**2 - 91*d - 1573. What is v(-68)?
-9
Let y(k) = -8*k**2 - 677*k - 423. Determine y(-84).
-3
Let t(q) = -7*q + 3. Determine t(23).
-158
Let r(c) = -c**3 - 24*c**2 - 136*c - 22. Give r(-15).
-7
Let t(o) = 19*o**2 - 477*o + 54. Determine t(25).
4
Let c(t) = 85*t**2 - 3233*t + 132. What is c(38)?
18
Let m(v) = 106*v**3 - 6*v**2 + 7*v - 1. Give m(1).
106
Let k(x) = -1563*x - 10928. What is k(-7)?
13
Let r(o) = 71*o + 190. Determine r(-3).
-23
Let b(j) = j**3 - 7*j**2 + 9*j + 12. Give b(6).
30
Let x(w) = w**3 - 42*w**2 + 392*w + 13. Calculate x(28).
13
Let f(m) = 3*m**3 + m**2 - 44*m - 10. What is f(-4)?
-10
Let b(a) = -12*a + 62. Calculate b(4).
14
Let c(i) = -17*i**2 - 7*i + 9. Calculate c(-3).
-123
Let b(o) = -62*o**3 - 6*o - 4. Give b(-1).
64
Let g(c) = -c**2 + 15*c + 47. Determine g(-6).
-79
Let w(j) = -2*j**3 - 36*j**2 - 168*j - 101. Give w(-7).
-3
Let p(j) = -48*j**2 + 430*j + 1. What is p(9)?
-17
Let r(n) = -n**2 + 34*n - 125. What is r(19)?
160
Let q(u) = 34*u - 374. Determine q(19).
272
Let y(r) = 27*r + 282. Calculate y(-8).
66
Let g(r) = r**3 + 81*r**2 - 63*r + 1587. Calculate g(-82).
29
Let y(v) = -147*v + 6287. Give y(43).
-34
Let f(k) = -52*k - 435. What is f(-8)?
-19
Let s(b) = 111*b + 12649. Give s(-114).
-5
Let x(h) = 2*h**2 - 34*h + 35. Calculate x(16).
3
Let f(a) = 10*a**2 + 22*a + 30. Determine f(0).
30
Let x(o) = 3*o**2 - 26*o + 47. What is x(8)?
31
Let f(o) = -237*o - 696. Calculate f(-3).
15
Let u(n) = 528*n + 3771. What is u(-7)?
75
Let q(j) = -9*j**2 - 59*j - 75. Determine q(-5).
-5
Let p(v) = -v**3 + 35*v**2 - 235*v + 69. Determine p(8).
-83
Let r(x) = -133*x**2 + 123*x - 122. Calculate r(1).
-132
Let x(b) = -2*b**3 + 163*b**2 - 82*b - 46. Determine x(81).
-127
Let b(x) = x**3 - 25*x**2 + 17*x + 219. Determine b(24).
51
Let d(h) = 345*h + 1241. Determine d(-4).
-139
Let k(o) = 25*o**2 + 11*o + 21. Give k(-2).
99
Let n(f) = 2*f**2 - 34*f + 261. What is n(11)?
129
Let w(h) = -13891*h - 97241. Give w(-7).
-4
Let y(h) = -66*h + 143. Determine y(4).
-121
Let k(v) = 55*v - 310. Determine k(5).
-35
Let d(o) = 134*o - 4105. Calculate d(31).
49
Let i(k) = 10*k**2 - 15*k - 10. What is i(2)?
0
Let x(n) = 4*n**3 + 7*n**2 - 9*n - 14. Determine x(-4).
-122
Let b(o) = o**3 + 16*o**2 + 49*o + 489. Give b(-15).
-21
Let b(a) = -a**3 - 47*a**2 - 4*a - 145. What is b(-47)?
43
Let x(o) = -146*o**2 + 4526*o - 12. Give x(31).
-12
Let f(g) = -10*g**2 - 565*g - 288. Give f(-56).
-8
Let l(w) = -19*w + 212. Give l(8).
60
Let n(i) = i**2 + 87*i + 1093. What is n(-72)?
13
Let w(k) = k**3 + 77*k**2 - 88*k - 792. Calculate w(-78).
-12
Let p(s) = -31*s - 2154. What is p(-68)?
-46
Let g(w) = w**3 + 26*w**2 + 209*w + 517. Give g(-8).
-3
Let f(w) = w**2 - 11*w + 1. What is f(10)?
-9
Let x(j) = 101*j - 8189. Give x(81).
-8
Let c(x) = 2*x**2 - 368*x + 5696. What is c(17)?
18
Let l(o) = -o**3 - 110*o**2 + 5998*o + 82. Give l(40).
2
Let k(p) = -p**3 + 2*p**2 + 10*p - 9. Give k(2).
11
Let i(v) = 159*v - 4390. Determine i(27).
-97
Let z(x) = -x**3 + 54*x**2 - 288*x - 7. Calculate z(6).
-7
Let i(t) = 31*t + 655. Determine i(-19).
66
Let g(q) = -q**3 - 13*q**2 - 18*q + 98. Give g(-11).
54
Let q(a) = a**3 + 11*a**2 + 19*a - 27. Calculate q(-8).
13
Let d(l) = -30615*l + 30620. Determine d(1).
5
Let q(f) = 2*f**3 - 238*f**2 + 467*f + 112. Give q(117).
-5
Let r(l) = l**2 - 59*l + 2. What is r(7)?
-362
Let k(b) = -80*b - 5359. Determine k(-67).
1
Let t(a) = 48*a + 1381. Give t(-27).
85
Let x(h) = 5*h**2 - 189*h + 1507. Determine x(13).
-105
Let o(s) = 3*s**2 - 187*s + 2592. What is o(21)?
-12
Let r(h) = -h**2 + 47*h - 35. What is r(47)?
-35
Let n(m) = 5*m**2 + 645*m + 20746. Calculate n(-61).
6
Let d(n) = -17*n**2 + n + 7. What is d(-3)?
-149
Let n(v) = -174*v - 26092. Determine n(-150).
8
Let c(i) = -188*i - 11273. What is c(-60)?
7
Let c(n) = 3*n**2 - 56*n + 32. Give c(21).
179
Let b(s) = -s**2 - 297*s + 227. Determine b(0).
227
Let f(i) = -14*i**3 + 31*i**2 + 84*i - 10. What is f(-3)?
395
Let v(c) = c**3 + 20*c**2 + 29*c - 80. Calculate v(-18).
46
Let h(c) = -7*c + 788. Give h(105).
53
Let s(j) = -2*j**2 - 44*j - 287. Calculate s(-20).
-207
Let w(i) = 77*i + 1068. Give w(-14).
-10
Let w(c) = -26*c**3 + 2*c**2 - 183*c + 362. Calculate w(2).
-204
Let z(o) = o**3 + 12*o**2 - 195*o - 45. What is z(-21)?
81
Let b(k) = 3*k**3 + 7*k**2 - 12*k + 12. Calculate b(3).
120
Let m(t) = -t**3 + 10*t**2 - 32*t + 934. What is m(13)?
11
Let d(z) = 14*z**2 - 87*z - 29. Calculate d(7).
48
Let q(h) = -719*h + 8635. What is q(12)?
7
Let y(z) = -z**3 - z**2 - 11*z + 134. Calculate y(0).
134
Let y(a) = -5*a**3 - 21*a**2 + 13*a + 24. What is y(-7)?
619
Let x(d) = -3*d**2 - 52*d - 56. What is x(-15)?
49
Let u(g) = 3*g**2 + 57*g - 52. Determine u(-7).
-304
Let c(o) = -70*o + 1739. Give c(25).
-11
Let p(f) = -f**2 + 71*f - 677. Give p(11).
-17
Let q(i) = -i**3 - 53*i**2 - 102*i - 16. Give q(-51).
-16
Let z(t) = -126*t**2 + 53*t + 90. Calculate z(-2).
-520
Let c(z) = 96*z**2 + 1346*z - 1. Determine c(-14).
-29
Let f(q) = 32*q**2 + 24*q - 105. Determine f(5).
815
Let r(k) = -2235*k - 64795. Determine r(-29).
20
Let s(l) = 5*l**3 - 6*l**2 - 7*l + 3. Give s(2).
5
Let p(b) = b**2 - 214*b + 8753. Give p(159).
8
Let r(t) = -t**2 - 110*t - 2238. Determine r(-83).
3
Let r(s) = s**3 + 114*s**2 + 342*s + 991. What is r(-111)?
-8
Let a(i) = -i**2 - 45*i + 249. What is a(5)?
-1
Let q(a) = -a**3 + 4*a**2 + 109*a - 516. Calculate q(5).
4
Let s(f) = f**3 + 16*f**2 + 20*f - 23. Calculate s(-15).
-98
Let r(k) = -126*k + 1511. Give r(12).
-1
Let u(n) = -6*n**2 + 80*n - 268. What is u(5)?
-18
Let i(u) = -91*u + 17. Calculate i(2).
-165
Let j(d) = d**3 + 65*d**2 + 73*d + 116. Calculate j(-64).
-460
Let i(y) = -y**3 - 7*y**2 + 37*y - 1. What is i(0)?
-1
Let r(j) = 66*j + 10. Determine r(-5).
-320
Let k(r) = -123*r - 79. Determine k(-1).
44
Let s(n) = -28*n + 442. Calculate s(18).
-62
Let x(s) = -3*s**3 + 441*s**2 + 13*s - 1900. Give x(147).
11
Let l(m) = -46*m - 611. Determine l(-13).
-13
Let i(h) = -h**3 - 66*h**2 - 68*h - 188. Give i(-65).
7
Let a(k) = k**3 + 141*k**2 + 140*k - 65. Give a(-140).
-65
Let u(w) = w**2 + 21*w - 267. Calculate u(9).
3
Let q(i) = 5*i**2 - 82*i - 145. What is q(18)?
-1
Let p(j) = -37*j**2 - 1702*j - 15. Determine p(-46).
-15
Let d(p) = 2*p**3 + 28*p**2 + 3*p + 34. Calculate d(-14).
-8
Let u(k) = -k**2 + 3*k + 815. What is u(30)?
5
Let l(o) = 39*o - 109. Calculate l(11).
320
Let c(o) = 6*o**2 + 15*o + 16. Give c(-3).
25
Let l(r) = 17*r**3 - 7*r**2 + 9*r - 12. Calculate l(2).
114
Let f(l) = 2*l**2 + 56*l - 280. Determine f(5).
50
Let b(m) = 1228*m + 2457. Determine b(-2).
1
Let h(c) = c**2 - 3755*c - 26333. Calculate h(-7).
1
Let l(x) = -88*x + 647. Determine l(7).
31
Let d(t) = 12*t**2 + 35*t + 6. What is d(-3)?
9
Let h(u) = -56*u**2 + 406*u - 405. Determine h(1).
-55
Let q(w) = 225*w + 3959. Determine q(-18).
-91
Let l(p) = -61*p - 1700. Calculate l(-28).
8
Let f(j) = 250*j**2 + 6*j - 7. What is f(1)?
249
Let p(h) = 3*h**3 - 21*h**2 - 124*h - 69. Determine p(11).
19
Let h(c) = 272*c - 1640. Calculate h(6).
-8
Let z(t) = -t**3 - 148*t**2 - 885*t - 199. Determine z(-6).
-1
Let s(q) = -q + 48. Determine s(42).
6
Let r(i) = i**2 - 4912*i - 183109. What is r(-37)?
4
Let k(t) = 133*t - 347. Give k(3).
52
Let c(m) = 7*m**2 + 339*m + 330. Determine c(-48).
186
Let m(n) = 52*n - 4314. Calculate m(82).
-50
Let r(x) = x**3 + 17*x**2 + 37*x - 85. Give r(-17).
-714
Let d(c) = -259*c + 14241. Calculate d(55).
-4
Let l(x) = 6*x**2 + 270*x - 8. Give l(-45).
-8
Let x(u) = 8*u**2 - 112*u. What is x(14)?
0
Let g(s) = 203*s - 4685. Calculate g(23).
-16
Let s(g) = 2*g**3 - 208*g**2 - 1081*g - 976. What is s(109)?
5
Let f(k) = -983*k - 61930. Calculate f(-63).
-1
Let p(l) = l**2 - 11*l - 224. Calculate p(-10).
-14
Let j(n) = -718*n - 10034. Give j(-14).
18
Let d(r) = 4*r**2 - 45*r - 105. Give d(-6).
309
Let s(m) = -2*m**3 + 44*m**2 + 2*m - 24. Determine s(22).
20
Let v(y) = 67*y - 78. Determine v(9).
525
Let h(t) = -2*t**2 - 15*t - 5. Give h(-6).
13
Let q(s) = -2*s**2 + 12*s - 35. Determine q(3).
-17
Let o(d) = -d**2 - 18*d - 20. What is o(-15)?
25
Let w(b) = -5*b**2 - 39*b - 15. Give w(-8).
-23
Let h(v) = -33*v**3 - 86*v**2 - 87*v. Determine h(-1).
34
Let m(q) = 4*q